{"id":33,"date":"2019-04-07T16:12:24","date_gmt":"2019-04-07T14:12:24","guid":{"rendered":"http:\/\/collioure-colline.com\/?page_id=33"},"modified":"2024-02-01T17:14:38","modified_gmt":"2024-02-01T16:14:38","slug":"par-voiture","status":"publish","type":"page","link":"https:\/\/collioure-colline.com\/index.php\/par-voiture\/","title":{"rendered":"Comment s&#8217;y rendre"},"content":{"rendered":"\n<h2 class=\"wp-block-heading\">En voiture<\/h2>\n\n\n\n<p class=\"has-very-light-gray-background-color has-background\">Par l&#8217;autoroute A9, prendre la sortie N\u00b0 42 direction Argel\u00e8s.<br> A 30 km, prendre la sortie N\u00b0 13, Collioure-centre. Puis, 100 m\u00e8tres apr\u00e8s l\u2019h\u00f4tel Ambeille, prendre la route \u00e0 droite (Avenue Jacques Delcos). La r\u00e9sidence Colline est \u00e0 500 m\u00e8tres sur la droite. <\/p>\n\n\n\n<p class=\"has-very-light-gray-background-color has-background\">Coordonn\u00e9es GPS :  v42\u00b031&#8217;15.60&#8242; N&nbsp; 3\u00b004&#8217;25.30\u2018\u2019 E <\/p>\n\n\n\n<figure class=\"wp-block-image is-resized\"><img decoding=\"async\" loading=\"lazy\" src=\"http:\/\/collioure-colline.com\/wp-content\/uploads\/2019\/04\/Ar\u00e9sidenceentr\u00e9e-e1554649253561-768x1024.jpg\" alt=\"\" class=\"wp-image-72\" width=\"329\" height=\"438\" srcset=\"https:\/\/collioure-colline.com\/wp-content\/uploads\/2019\/04\/Ar\u00e9sidenceentr\u00e9e-e1554649253561-768x1024.jpg 768w, https:\/\/collioure-colline.com\/wp-content\/uploads\/2019\/04\/Ar\u00e9sidenceentr\u00e9e-e1554649253561-225x300.jpg 225w, https:\/\/collioure-colline.com\/wp-content\/uploads\/2019\/04\/Ar\u00e9sidenceentr\u00e9e-e1554649253561-750x1000.jpg 750w, https:\/\/collioure-colline.com\/wp-content\/uploads\/2019\/04\/Ar\u00e9sidenceentr\u00e9e-e1554649253561.jpg 1512w\" sizes=\"(max-width: 329px) 100vw, 329px\" \/><figcaption class=\"wp-element-caption\">Entr\u00e9e de la r\u00e9sidence\/ Entrance<\/figcaption><\/figure>\n\n\n\n<h2 class=\"wp-block-heading\">Avion, train, bus<\/h2>\n\n\n\n<p class=\"has-very-light-gray-background-color has-background\">A\u00e9roport de Perpignan \u00e0 40 km<\/p>\n\n\n\n<p class=\"has-very-light-gray-background-color has-background\">A\u00e9roport de Girone \u00e0 100 km<\/p>\n\n\n\n<p class=\"has-very-light-gray-background-color has-background\">Gare TER de Collioure \u00e0 1 km, liaisons avec la gare  TGV de Perpignan ou de Montpellier. Acc\u00e8s aussi aux gares d&#8217;Argel\u00e8s, Port-Vendres, Banyuls et Cerb\u00e8re.<\/p>\n\n\n\n<p class=\"has-very-light-gray-background-color has-background\">Bus 540 depuis la gare de Perpignan. Comme le train, cette ligne dessert les principales villes de la c\u00f4te.<\/p>\n\n\n\n<p class=\"has-very-light-gray-background-color has-background\">Cliquez ici pour trouver un transport en commun LIO : <a href=\"https:\/\/www.lio-occitanie.fr\/\">https:\/\/www.lio-occitanie.fr\/<\/a><\/p>\n\n\n\n<p><\/p>\n\n\n\n<p><\/p>\n","protected":false},"excerpt":{"rendered":"<p>En voiture Par l&#8217;autoroute A9, prendre la sortie N\u00b0 42 direction Argel\u00e8s. A 30 km, prendre la sortie N\u00b0 13, Collioure-centre. Puis, 100 m\u00e8tres apr\u00e8s l\u2019h\u00f4tel Ambeille, prendre la route \u00e0 droite (Avenue Jacques Delcos). La r\u00e9sidence Colline est \u00e0 500 m\u00e8tres sur la droite. Coordonn\u00e9es GPS : v42\u00b031&#8217;15.60&#8242; N&nbsp; 3\u00b004&#8217;25.30\u2018\u2019 E Avion, train, bus [&hellip;]<\/p>\n","protected":false},"author":1,"featured_media":0,"parent":0,"menu_order":0,"comment_status":"closed","ping_status":"closed","template":"","meta":[],"yoast_head":"<!-- This site is optimized with the Yoast SEO plugin v20.11 - https:\/\/yoast.com\/wordpress\/plugins\/seo\/ -->\n<title>Aller \u00e0 Collioure<\/title>\n<meta name=\"description\" content=\"Se rendre \u00e0 Collioure, en voiture, train, avion pour vos vacances \u00e0 la R\u00e9sidence Colline\" \/>\n<meta name=\"robots\" content=\"index, follow, max-snippet:-1, max-image-preview:large, max-video-preview:-1\" \/>\n<link rel=\"canonical\" href=\"https:\/\/collioure-colline.com\/index.php\/par-voiture\/\" \/>\n<meta property=\"og:locale\" content=\"en_US\" \/>\n<meta property=\"og:type\" content=\"article\" \/>\n<meta property=\"og:title\" content=\"Aller \u00e0 Collioure\" \/>\n<meta property=\"og:description\" content=\"Se rendre \u00e0 Collioure, en voiture, train, avion pour vos vacances \u00e0 la R\u00e9sidence Colline\" \/>\n<meta property=\"og:url\" content=\"https:\/\/collioure-colline.com\/index.php\/par-voiture\/\" \/>\n<meta property=\"og:site_name\" content=\"Appartement Collioure Colline\" \/>\n<meta property=\"article:modified_time\" content=\"2024-02-01T16:14:38+00:00\" \/>\n<meta name=\"twitter:card\" content=\"summary_large_image\" \/>\n<meta name=\"twitter:label1\" content=\"Est. reading time\" \/>\n\t<meta name=\"twitter:data1\" content=\"1 minute\" \/>\n<script type=\"application\/ld+json\" class=\"yoast-schema-graph\">{\"@context\":\"https:\/\/schema.org\",\"@graph\":[{\"@type\":\"WebPage\",\"@id\":\"https:\/\/collioure-colline.com\/index.php\/par-voiture\/\",\"url\":\"https:\/\/collioure-colline.com\/index.php\/par-voiture\/\",\"name\":\"Aller \u00e0 Collioure\",\"isPartOf\":{\"@id\":\"https:\/\/collioure-colline.com\/#website\"},\"datePublished\":\"2019-04-07T14:12:24+00:00\",\"dateModified\":\"2024-02-01T16:14:38+00:00\",\"description\":\"Se rendre \u00e0 Collioure, en voiture, train, avion pour vos vacances \u00e0 la R\u00e9sidence Colline\",\"breadcrumb\":{\"@id\":\"https:\/\/collioure-colline.com\/index.php\/par-voiture\/#breadcrumb\"},\"inLanguage\":\"en-US\",\"potentialAction\":[{\"@type\":\"ReadAction\",\"target\":[\"https:\/\/collioure-colline.com\/index.php\/par-voiture\/\"]}]},{\"@type\":\"BreadcrumbList\",\"@id\":\"https:\/\/collioure-colline.com\/index.php\/par-voiture\/#breadcrumb\",\"itemListElement\":[{\"@type\":\"ListItem\",\"position\":1,\"name\":\"Home\",\"item\":\"https:\/\/collioure-colline.com\/\"},{\"@type\":\"ListItem\",\"position\":2,\"name\":\"Comment s&#8217;y rendre\"}]},{\"@type\":\"WebSite\",\"@id\":\"https:\/\/collioure-colline.com\/#website\",\"url\":\"https:\/\/collioure-colline.com\/\",\"name\":\"Appartement Collioure Colline\",\"description\":\"Location saisonni\u00e8re\",\"publisher\":{\"@id\":\"https:\/\/collioure-colline.com\/#organization\"},\"potentialAction\":[{\"@type\":\"SearchAction\",\"target\":{\"@type\":\"EntryPoint\",\"urlTemplate\":\"https:\/\/collioure-colline.com\/?s={search_term_string}\"},\"query-input\":\"required name=search_term_string\"}],\"inLanguage\":\"en-US\"},{\"@type\":\"Organization\",\"@id\":\"https:\/\/collioure-colline.com\/#organization\",\"name\":\"Appartement Colline Joubert \u00e0 Collioure\",\"url\":\"https:\/\/collioure-colline.com\/\",\"logo\":{\"@type\":\"ImageObject\",\"inLanguage\":\"en-US\",\"@id\":\"https:\/\/collioure-colline.com\/#\/schema\/logo\/image\/\",\"url\":\"http:\/\/collioure-colline.com\/wp-content\/uploads\/2019\/04\/logo-colliourecolline.png\",\"contentUrl\":\"http:\/\/collioure-colline.com\/wp-content\/uploads\/2019\/04\/logo-colliourecolline.png\",\"width\":400,\"height\":70,\"caption\":\"Appartement Colline Joubert \u00e0 Collioure\"},\"image\":{\"@id\":\"https:\/\/collioure-colline.com\/#\/schema\/logo\/image\/\"},\"sameAs\":[\"https:\/\/www.instagram.com\/collioure_colline\/\"]}]}<\/script>\n<!-- \/ Yoast SEO plugin. -->","yoast_head_json":{"title":"Aller \u00e0 Collioure","description":"Se rendre \u00e0 Collioure, en voiture, train, avion pour vos vacances \u00e0 la R\u00e9sidence Colline","robots":{"index":"index","follow":"follow","max-snippet":"max-snippet:-1","max-image-preview":"max-image-preview:large","max-video-preview":"max-video-preview:-1"},"canonical":"https:\/\/collioure-colline.com\/index.php\/par-voiture\/","og_locale":"en_US","og_type":"article","og_title":"Aller \u00e0 Collioure","og_description":"Se rendre \u00e0 Collioure, en voiture, train, avion pour vos vacances \u00e0 la R\u00e9sidence Colline","og_url":"https:\/\/collioure-colline.com\/index.php\/par-voiture\/","og_site_name":"Appartement Collioure Colline","article_modified_time":"2024-02-01T16:14:38+00:00","twitter_card":"summary_large_image","twitter_misc":{"Est. reading time":"1 minute"},"schema":{"@context":"https:\/\/schema.org","@graph":[{"@type":"WebPage","@id":"https:\/\/collioure-colline.com\/index.php\/par-voiture\/","url":"https:\/\/collioure-colline.com\/index.php\/par-voiture\/","name":"Aller \u00e0 Collioure","isPartOf":{"@id":"https:\/\/collioure-colline.com\/#website"},"datePublished":"2019-04-07T14:12:24+00:00","dateModified":"2024-02-01T16:14:38+00:00","description":"Se rendre \u00e0 Collioure, en voiture, train, avion pour vos vacances \u00e0 la R\u00e9sidence Colline","breadcrumb":{"@id":"https:\/\/collioure-colline.com\/index.php\/par-voiture\/#breadcrumb"},"inLanguage":"en-US","potentialAction":[{"@type":"ReadAction","target":["https:\/\/collioure-colline.com\/index.php\/par-voiture\/"]}]},{"@type":"BreadcrumbList","@id":"https:\/\/collioure-colline.com\/index.php\/par-voiture\/#breadcrumb","itemListElement":[{"@type":"ListItem","position":1,"name":"Home","item":"https:\/\/collioure-colline.com\/"},{"@type":"ListItem","position":2,"name":"Comment s&#8217;y rendre"}]},{"@type":"WebSite","@id":"https:\/\/collioure-colline.com\/#website","url":"https:\/\/collioure-colline.com\/","name":"Appartement Collioure Colline","description":"Location saisonni\u00e8re","publisher":{"@id":"https:\/\/collioure-colline.com\/#organization"},"potentialAction":[{"@type":"SearchAction","target":{"@type":"EntryPoint","urlTemplate":"https:\/\/collioure-colline.com\/?s={search_term_string}"},"query-input":"required name=search_term_string"}],"inLanguage":"en-US"},{"@type":"Organization","@id":"https:\/\/collioure-colline.com\/#organization","name":"Appartement Colline Joubert \u00e0 Collioure","url":"https:\/\/collioure-colline.com\/","logo":{"@type":"ImageObject","inLanguage":"en-US","@id":"https:\/\/collioure-colline.com\/#\/schema\/logo\/image\/","url":"http:\/\/collioure-colline.com\/wp-content\/uploads\/2019\/04\/logo-colliourecolline.png","contentUrl":"http:\/\/collioure-colline.com\/wp-content\/uploads\/2019\/04\/logo-colliourecolline.png","width":400,"height":70,"caption":"Appartement Colline Joubert \u00e0 Collioure"},"image":{"@id":"https:\/\/collioure-colline.com\/#\/schema\/logo\/image\/"},"sameAs":["https:\/\/www.instagram.com\/collioure_colline\/"]}]}},"_links":{"self":[{"href":"https:\/\/collioure-colline.com\/index.php\/wp-json\/wp\/v2\/pages\/33"}],"collection":[{"href":"https:\/\/collioure-colline.com\/index.php\/wp-json\/wp\/v2\/pages"}],"about":[{"href":"https:\/\/collioure-colline.com\/index.php\/wp-json\/wp\/v2\/types\/page"}],"author":[{"embeddable":true,"href":"https:\/\/collioure-colline.com\/index.php\/wp-json\/wp\/v2\/users\/1"}],"replies":[{"embeddable":true,"href":"https:\/\/collioure-colline.com\/index.php\/wp-json\/wp\/v2\/comments?post=33"}],"version-history":[{"count":16,"href":"https:\/\/collioure-colline.com\/index.php\/wp-json\/wp\/v2\/pages\/33\/revisions"}],"predecessor-version":[{"id":732,"href":"https:\/\/collioure-colline.com\/index.php\/wp-json\/wp\/v2\/pages\/33\/revisions\/732"}],"wp:attachment":[{"href":"https:\/\/collioure-colline.com\/index.php\/wp-json\/wp\/v2\/media?parent=33"}],"curies":[{"name":"wp","href":"https:\/\/api.w.org\/{rel}","templated":true}]}}